{"id":4743,"date":"2022-10-06T10:52:38","date_gmt":"2022-10-06T08:52:38","guid":{"rendered":"https:\/\/www.manine-design.com\/?post_type=product&#038;p=4743"},"modified":"2026-04-17T13:01:06","modified_gmt":"2026-04-17T11:01:06","slug":"hop-sautoir-mat","status":"publish","type":"product","link":"https:\/\/www.manine-design.com\/produit\/hop-sautoir-mat\/","title":{"rendered":"HOP Sautoir &#8211; Kito multicolore"},"content":{"rendered":"<p>La collection KITO est une \u00e9vocation au JAPON par son colorama inspir\u00e9 des kimonos.<br \/>\nL\u2019aspect satin\u00e9 de la peinture sur les parties m\u00e9talliques apporte une \u00e9l\u00e9gance suppl\u00e9mentaire au bijou.<\/p>\n<p>Le rendu multicolore, apporte un c\u00f4t\u00e9 graphique et facilite l\u2019assortiment \u00e0 vos tenues.<\/p>\n<p style=\"font-weight: 400;\">Une ligne multicolore qui suit vos mouvements et qui, en s\u2019accordant \u00e0 toutes vos tenues vous accompagne chaque jour.<br \/>\n\u00c0 doubler, nouer ou \u00e0 accumuler.<\/p>\n<p style=\"font-weight: 400;\">Un bijou chic, l\u00e9ger et singulier.<\/p>\n<p><b>DESCRIPTIF DU PRODUIT<\/b><\/p>\n<p>\u00c9lastique Nylon + Pi\u00e8ces m\u00e9talliques laiton garanties sans nickel + thermolaquage (tr\u00e8s r\u00e9sistant)\u00a0+ vernis<br \/>\nLa taille des sautoirs est d\u2019environ 50 cm.<\/p>\n<p><em style=\"font-weight: 400;\">Livr\u00e9 dans une boite \u00ab MANINE \u00bb en papier recycl\u00e9.<\/em><\/p>\n","protected":false},"excerpt":{"rendered":"<p>La collection KITO est une \u00e9vocation au JAPON par son colorama inspir\u00e9 des kimonos. L\u2019aspect satin\u00e9 de la peinture sur les parties m\u00e9talliques apporte une \u00e9l\u00e9gance suppl\u00e9mentaire au bijou. Le rendu multicolore, apporte un c\u00f4t\u00e9 graphique et facilite l\u2019assortiment \u00e0 vos tenues. Une ligne multicolore qui suit vos mouvements et qui, en s\u2019accordant \u00e0 toutes [&hellip;]<\/p>\n","protected":false},"featured_media":8880,"template":"","meta":{"_acf_changed":false},"product_brand":[],"product_cat":[25,82],"product_tag":[],"class_list":{"0":"post-4743","1":"product","2":"type-product","3":"status-publish","4":"has-post-thumbnail","6":"product_cat-collier","7":"product_cat-sautoir","8":"pa_collections-hop","10":"first","11":"instock","12":"taxable","13":"shipping-taxable","14":"purchasable","15":"product-type-variable"},"acf":[],"_links":{"self":[{"href":"https:\/\/www.manine-design.com\/site\/wp-json\/wp\/v2\/product\/4743","targetHints":{"allow":["GET"]}}],"collection":[{"href":"https:\/\/www.manine-design.com\/site\/wp-json\/wp\/v2\/product"}],"about":[{"href":"https:\/\/www.manine-design.com\/site\/wp-json\/wp\/v2\/types\/product"}],"wp:featuredmedia":[{"embeddable":true,"href":"https:\/\/www.manine-design.com\/site\/wp-json\/wp\/v2\/media\/8880"}],"wp:attachment":[{"href":"https:\/\/www.manine-design.com\/site\/wp-json\/wp\/v2\/media?parent=4743"}],"wp:term":[{"taxonomy":"product_brand","embeddable":true,"href":"https:\/\/www.manine-design.com\/site\/wp-json\/wp\/v2\/product_brand?post=4743"},{"taxonomy":"product_cat","embeddable":true,"href":"https:\/\/www.manine-design.com\/site\/wp-json\/wp\/v2\/product_cat?post=4743"},{"taxonomy":"product_tag","embeddable":true,"href":"https:\/\/www.manine-design.com\/site\/wp-json\/wp\/v2\/product_tag?post=4743"}],"curies":[{"name":"wp","href":"https:\/\/api.w.org\/{rel}","templated":true}]}}