{"id":5485,"date":"2023-02-10T11:39:38","date_gmt":"2023-02-10T10:39:38","guid":{"rendered":"https:\/\/www.manine-design.com\/?post_type=product&#038;p=5485"},"modified":"2026-04-17T13:00:51","modified_gmt":"2026-04-17T11:00:51","slug":"hop-manchettes","status":"publish","type":"product","link":"https:\/\/www.manine-design.com\/produit\/hop-manchettes\/","title":{"rendered":"HOP Manchette"},"content":{"rendered":"<h3 data-start=\"135\" data-end=\"156\"><strong data-start=\"139\" data-end=\"156\">Manchette HOP<\/strong><\/h3>\n<p data-start=\"158\" data-end=\"223\">La manchette <strong data-start=\"171\" data-end=\"178\">HOP<\/strong>, une petite merveille \u00e0 porter au quotidien.<\/p>\n<p data-start=\"225\" data-end=\"416\">Sans fermoir, elle s\u2019enfile d\u2019un geste et \u00e9pouse parfaitement votre poignet pour un confort absolu.<br data-start=\"324\" data-end=\"327\" \/>L\u00e9g\u00e8re, graphique et facile \u00e0 associer, elle s\u00e9duit aussi bien les femmes que les hommes.<\/p>\n<p data-start=\"418\" data-end=\"652\">D\u00e9clin\u00e9e en finitions <strong data-start=\"440\" data-end=\"449\">dor\u00e9e<\/strong> ou <strong data-start=\"453\" data-end=\"465\">argent\u00e9e<\/strong>, elle est compos\u00e9e de fins \u00e9lastiques aux cama\u00efeux de couleurs soigneusement s\u00e9lectionn\u00e9s.<br data-start=\"556\" data-end=\"559\" \/>Un bijou singulier, lumineux et contemporain, qui attire le regard sans jamais en faire trop.<\/p>\n<p data-start=\"654\" data-end=\"674\"><strong data-start=\"654\" data-end=\"674\">Largeur : 1,2 cm<\/strong><\/p>\n<p data-start=\"676\" data-end=\"747\">Chaque manchette est livr\u00e9e dans sa <strong data-start=\"712\" data-end=\"746\">bo\u00eete MANINE en papier recycl\u00e9<\/strong>.<\/p>\n<p><strong data-start=\"758\" data-end=\"769\">D\u00e9tails<\/strong><\/p>\n<p data-start=\"771\" data-end=\"823\"><strong data-start=\"771\" data-end=\"786\">\u00c9lastique :<\/strong><br data-start=\"786\" data-end=\"789\" \/>Nylon + caoutchouc (diam\u00e8tre 3 mm)<\/p>\n<p data-start=\"825\" data-end=\"851\"><strong data-start=\"825\" data-end=\"849\">Pi\u00e8ces m\u00e9talliques :<\/strong><\/p>\n<ul data-start=\"852\" data-end=\"1003\">\n<li data-start=\"852\" data-end=\"940\">\n<p data-start=\"854\" data-end=\"940\">Laiton garanti sans nickel, plaquage <strong data-start=\"891\" data-end=\"915\">or 24 K &#8211; 0,5 micron<\/strong> avec vernis protecteur<\/p>\n<\/li>\n<li data-start=\"941\" data-end=\"1003\">\n<p data-start=\"943\" data-end=\"1003\">Laiton garanti sans nickel, finition <strong data-start=\"980\" data-end=\"1003\">argent &#8211; 10 microns<\/strong><\/p>\n<\/li>\n<\/ul>\n<p style=\"text-align: center;\"><strong data-start=\"980\" data-end=\"1003\"><br \/>\n<\/strong><strong data-start=\"980\" data-end=\"1003\">\u00a0Cr\u00e9e et fabriqu\u00e9 dans le Sud de la France<\/strong><\/p>\n","protected":false},"excerpt":{"rendered":"<p>Manchette HOP La manchette HOP, une petite merveille \u00e0 porter au quotidien. Sans fermoir, elle s\u2019enfile d\u2019un geste et \u00e9pouse parfaitement votre poignet pour un confort absolu.L\u00e9g\u00e8re, graphique et facile \u00e0 associer, elle s\u00e9duit aussi bien les femmes que les hommes. D\u00e9clin\u00e9e en finitions dor\u00e9e ou argent\u00e9e, elle est compos\u00e9e de fins \u00e9lastiques aux cama\u00efeux [&hellip;]<\/p>\n","protected":false},"featured_media":15727,"template":"","meta":{"_acf_changed":false},"product_brand":[],"product_cat":[26,150,100],"product_tag":[],"class_list":{"0":"post-5485","1":"product","2":"type-product","3":"status-publish","4":"has-post-thumbnail","6":"product_cat-bracelet","7":"product_cat-manchette","8":"product_cat-nouveautes","9":"pa_collections-hop","11":"first","12":"instock","13":"taxable","14":"shipping-taxable","15":"purchasable","16":"product-type-variable","17":"has-default-attributes"},"acf":[],"_links":{"self":[{"href":"https:\/\/www.manine-design.com\/site\/wp-json\/wp\/v2\/product\/5485","targetHints":{"allow":["GET"]}}],"collection":[{"href":"https:\/\/www.manine-design.com\/site\/wp-json\/wp\/v2\/product"}],"about":[{"href":"https:\/\/www.manine-design.com\/site\/wp-json\/wp\/v2\/types\/product"}],"wp:featuredmedia":[{"embeddable":true,"href":"https:\/\/www.manine-design.com\/site\/wp-json\/wp\/v2\/media\/15727"}],"wp:attachment":[{"href":"https:\/\/www.manine-design.com\/site\/wp-json\/wp\/v2\/media?parent=5485"}],"wp:term":[{"taxonomy":"product_brand","embeddable":true,"href":"https:\/\/www.manine-design.com\/site\/wp-json\/wp\/v2\/product_brand?post=5485"},{"taxonomy":"product_cat","embeddable":true,"href":"https:\/\/www.manine-design.com\/site\/wp-json\/wp\/v2\/product_cat?post=5485"},{"taxonomy":"product_tag","embeddable":true,"href":"https:\/\/www.manine-design.com\/site\/wp-json\/wp\/v2\/product_tag?post=5485"}],"curies":[{"name":"wp","href":"https:\/\/api.w.org\/{rel}","templated":true}]}}