{"id":8229,"date":"2024-09-10T11:17:42","date_gmt":"2024-09-10T09:17:42","guid":{"rendered":"https:\/\/www.manine-design.com\/?post_type=product&#038;p=8229"},"modified":"2025-12-29T15:06:15","modified_gmt":"2025-12-29T14:06:15","slug":"hop-manchette-large-kito","status":"publish","type":"product","link":"https:\/\/www.manine-design.com\/produit\/hop-manchette-large-kito\/","title":{"rendered":"HOP Manchette large &#8211; Kito"},"content":{"rendered":"<p style=\"font-weight: 400;\">La manchette KITO grand mod\u00e8le, singuli\u00e8re et \u00e9l\u00e9gante,\u00a0 une petite merveille\u2026<br \/>\nPas de fermoir, mixte, elle s\u2019enfile pour \u00e9pouser parfaitement votre poignet.<\/p>\n<p style=\"font-weight: 400;\">Noir, blanc pour leurs finitions sur les parties m\u00e9talliques et des \u00e9lastiques fins aux couleurs s\u00e9lectionn\u00e9es.<\/p>\n<p>Largeur de la manchette 3,7 cm<\/p>\n<p><em>Le bijou est livr\u00e9 dans un pochon en coton \u00e9cologique .<\/em><\/p>\n<p style=\"font-weight: 400;\"><strong>ELASTIQUE<\/strong><\/p>\n<ul style=\"font-weight: 400;\">\n<li>Nylon + caoutchouc (diam\u00e8tre 3 mm)<\/li>\n<\/ul>\n<p style=\"font-weight: 400;\"><strong>PIECES METALIQUES\u00a0<\/strong><\/p>\n<ul style=\"font-weight: 400;\">\n<li>Laiton sans nickel, peinture thermolaqu\u00e9e (tr\u00e8s r\u00e9sistant)<\/li>\n<\/ul>\n","protected":false},"excerpt":{"rendered":"<p>La manchette KITO grand mod\u00e8le, singuli\u00e8re et \u00e9l\u00e9gante,\u00a0 une petite merveille\u2026 Pas de fermoir, mixte, elle s\u2019enfile pour \u00e9pouser parfaitement votre poignet. Noir, blanc pour leurs finitions sur les parties m\u00e9talliques et des \u00e9lastiques fins aux couleurs s\u00e9lectionn\u00e9es. Largeur de la manchette 3,7 cm Le bijou est livr\u00e9 dans un pochon en coton \u00e9cologique . [&hellip;]<\/p>\n","protected":false},"featured_media":8886,"template":"","meta":{"_acf_changed":false,"inline_featured_image":false},"product_brand":[],"product_cat":[26,150,100],"product_tag":[],"class_list":{"0":"post-8229","1":"product","2":"type-product","3":"status-publish","4":"has-post-thumbnail","6":"product_cat-bracelet","7":"product_cat-manchette","8":"product_cat-nouveautes","9":"pa_collections-hop","11":"first","12":"instock","13":"featured","14":"taxable","15":"shipping-taxable","16":"purchasable","17":"product-type-variable","18":"has-default-attributes"},"acf":[],"_links":{"self":[{"href":"https:\/\/www.manine-design.com\/site\/wp-json\/wp\/v2\/product\/8229","targetHints":{"allow":["GET"]}}],"collection":[{"href":"https:\/\/www.manine-design.com\/site\/wp-json\/wp\/v2\/product"}],"about":[{"href":"https:\/\/www.manine-design.com\/site\/wp-json\/wp\/v2\/types\/product"}],"wp:featuredmedia":[{"embeddable":true,"href":"https:\/\/www.manine-design.com\/site\/wp-json\/wp\/v2\/media\/8886"}],"wp:attachment":[{"href":"https:\/\/www.manine-design.com\/site\/wp-json\/wp\/v2\/media?parent=8229"}],"wp:term":[{"taxonomy":"product_brand","embeddable":true,"href":"https:\/\/www.manine-design.com\/site\/wp-json\/wp\/v2\/product_brand?post=8229"},{"taxonomy":"product_cat","embeddable":true,"href":"https:\/\/www.manine-design.com\/site\/wp-json\/wp\/v2\/product_cat?post=8229"},{"taxonomy":"product_tag","embeddable":true,"href":"https:\/\/www.manine-design.com\/site\/wp-json\/wp\/v2\/product_tag?post=8229"}],"curies":[{"name":"wp","href":"https:\/\/api.w.org\/{rel}","templated":true}]}}